ds digit of 19230149?
3
What is the millions digit of 141513332?
1
What is the ten thousands digit of 3327141593?
4
What is the units digit of 267768388?
8
What is the hundreds digit of 395692071?
0
What is the hundreds digit of 314015714?
7
What is the ten thousands digit of 220753815?
5
What is the millions digit of 539653467?
9
What is the billions digit of 1047487806?
1
What is the hundred thousands digit of 5720309951?
3
What is the ten thousands digit of 17087227?
8
What is the hundreds digit of 2901639206?
2
What is the ten thousands digit of 185544245?
4
What is the ten millions digit of 612246477?
1
What is the thousands digit of 75063415?
3
What is the units digit of 486138495?
5
What is the ten millions digit of 618656608?
1
What is the units digit of 477365946?
6
What is the hundreds digit of 3910856?
8
What is the millions digit of 4022919665?
2
What is the hundred thousands digit of 2878922895?
9
What is the hundreds digit of 113435814?
8
What is the ten millions digit of 3638309608?
3
What is the units digit of 39016660?
0
What is the millions digit of 296548538?
6
What is the ten thousands digit of 38667718?
6
What is the ten thousands digit of 169099053?
9
What is the hundred thousands digit of 40176791?
1
What is the ten millions digit of 4078487815?
7
What is the hundred thousands digit of 67989932?
9
What is the tens digit of 33803249?
4
What is the hundreds digit of 75894107?
1
What is the tens digit of 575579937?
3
What is the units digit of 6963375476?
6
What is the millions digit of 92462000?
2
What is the hundreds digit of 29086542?
5
What is the thousands digit of 2790583919?
3
What is the hundred thousands digit of 1498671626?
6
What is the thousands digit of 159705050?
5
What is the hundreds digit of 142005461?
4
What is the millions digit of 242385542?
2
What is the ten thousands digit of 76458327?
5
What is the ten millions digit of 20483406?
2
What is the hundred thousands digit of 56678371?
6
What is the hundred thousands digit of 254202900?
2
What is the units digit of 241230443?
3
What is the hundred millions digit of 1974196942?
9
What is the thousands digit of 49192219?
2
What is the hundreds digit of 458579739?
7
What is the tens digit of 18964928?
2
What is the tens digit of 28863116?
1
What is the millions digit of 2841832718?
1
What is the ten thousands digit of 101083156?
8
What is the hundred thousands digit of 904608022?
6
What is the hundred thousands digit of 88246114?
2
What is the hundreds digit of 1003918018?
0
What is the thousands digit of 50404404?
4
What is the units digit of 1671537025?
5
What is the hundred thousands digit of 26407887?
4
What is the ten thousands digit of 668382939?
8
What is the millions digit of 132064045?
2
What is the hundred thousands digit of 18991473?
9
What is the hundred thousands digit of 2909570775?
5
What is the units digit of 387705522?
2
What is the tens digit of 471158515?
1
What is the tens digit of 730207301?
0
What is the units digit of 886440578?
8
What is the ten thousands digit of 9444810?
4
What is the hundred millions digit of 1726576395?
7
What is the ten thousands digit of 5152468?
5
What is the hundred thousands digit of 3034098980?
0
What is the hundreds digit of 14390166?
1
What is the ten millions digit of 18661977?
1
What is the hundred thousands digit of 2105047548?
0
What is the ten thousands digit of 141002179?
0
What is the ten thousands digit of 15466754?
6
What is the hundreds digit of 22833098?
0
What is the units digit of 21196802?
2
What is the millions digit of 296784626?
6
What is the billions digit of 1505318631?
1
What is the hundred millions digit of 264650583?
2
What is the thousands digit of 1124337300?
7
What is the ten thousands digit of 105781339?
8
What is the hundred millions digit of 188636415?
1
What is the hundreds digit of 132528663?
6
What is the ten millions digit of 73365659?
7
What is the millions digit of 185509316?
5
What is the thousands digit of 85336248?
6
What is the hundreds digit of 971914655?
6
What is the units digit of 449084756?
6
What is the ten thousands digit of 24354664?
5
What is the thousands digit of 341638866?
8
What is the tens digit of 186567629?
2
What is the ten millions digit of 250981191?
5
What is the thousands digit of 1628049378?
9
What is the millions digit of 5448612967?
8
What is the tens digit of 57698184?
8
What is the hundred thousands digit of 78394271?
3
What is the millions digit of 507943756?
7
What is the ten thousands digit of 1301240574?
4
What is the thousands digit of 205390199?
0
What is the hundred millions digit of 350562184?
3
What is the hundred millions digit of 926163678?
9
What is the hundred thousands digit of 398946289?
9
What is the hundred thousands digit of 41741685?
7
What is the units digit of 672858635?
5
What is the hundred thousands digit of 21609882?
6
What is the ten millions digit of 6103965518?
0
What is the hundred thousands digit of 1575216522?
2
What is the ten millions digit of 38453214?
3
What is the units digit of 28197965?
5
What is the hundreds digit of 353276404?
4
What is the hundred thousands digit of 2789108293?
1
What is the ten millions digit of 3237772420?
3
What is the tens digit of 216681912?
1
What is the millions digit of 94241635?
4
What is the hundreds digit of 104647043?
0
What is the units digit of 2849691360?
0
What is the ten millions digit of 1242968624?
4
What is the ten thousands digit of 626983?
2
What is the units digit of 18751464?
4
What is the units digit of 332510705?
5
What is the hundreds digit of 43999347?
3
What is the hundred thousands digit of 568116919?
1
What is the hundred thousands digit of 3450195732?
1
What is the ten millions digit of 51773674?
5
What is the ten thousands digit of 4676627?
7
What is the hundreds digit of 8335941086?
0
What is the tens digit of 290167427?
2
What is the hundreds digit of 55300271?
2
What is the units digit of 32021238?
8
What is the millions digit of 104766844?
4
What is the hundred millions digit of 101620005?
1
What is the ten millions digit of 36961100?
3
What is the hundred thousands digit of 137519088?
5
What is the hundred millions digit of 261130526?
2
What is the thousands digit of 4327982474?
2
What is the hundreds digit of 7816165837?
8
What is the ten millions digit of 1904781689?
0
What is the millions digit of 44603283?
4
What is the hundreds digit of 40071119?
1
What is the hundreds digit of 1648118198?
1
What is the ten thousands digit of 531454410?
5
What is the thousands digit of 39077698?
7
What is the hundred thousands digit of 6100540?
1
What is the tens digit of 3719357996?
9
What is the hundred thousands digit of 51980345?
9
What is the hundred thousands digit of 331741617?
7
What is the units digit of 39526881?
1
What is the thousands digit of 4837018908?
8
What is the hundred thousands digit of 1742680943?
6
What is the thousands digit of 246529830?
9
What is the tens digit of 269854110?
1
What is the hundred millions digit of 2744742043?
7
What is the hundred millions digit of 1348427550?
3
What is the hundred thousands digit of 204623139?
6
What is the units digit of 1625018196?
6
What is the tens digit of 7805300513?
1
What is the billions digit of 1729157726?
1
What is the units digit of 2724961193?
3
What is the ten millions digit of 4221771172?
2
What is the tens digit of 448125159?
5
What is the hundred millions digit of 876681829?
8
What is the tens digit of 217865586?
8
What is the ten thousands digit of 19319881?
1
What is the hundreds digit of 74313698?
6
What is the units digit of 15908473?
3
What is the hundred thousands digit of 14359944?
3
What is the thousands digit of 440519307?
9
What is the thousands digit of 5136352?
6
What is the millions digit of 220020646?
0
What is the units digit of 85671163?
3
What is the hundred thousands digit of 33081163?
0
What is the millions digit of 31408207?
1
What is the hundred thousands digit of 865126331?
1
What is the hundred thousands digit of 234265439?
2
What is the hundred thousands digit of 16322158?
3
What is the hundreds digit of 57543888?
8
What is the ten millions digit of 85555000?
8
What is the millions digit of 1930321084?
0
What is the ten thousands digit of 908216540?
1
What i